 base 7
35
5 (base 8) to base 13
5
-16 (base 12) to base 11
-17
Convert 2 (base 7) to base 6.
2
What is 2 (base 13) in base 11?
2
-12 (base 16) to base 6
-30
What is 15 (base 13) in base 15?
13
What is 7 (base 8) in base 15?
7
What is 11 (base 8) in base 3?
100
-15 (base 12) to base 10
-17
What is 31 (base 8) in base 5?
100
Convert 0 (base 12) to base 14.
0
Convert 71 (base 10) to base 2.
1000111
Convert 7 (base 14) to base 7.
10
34 (base 5) to base 11
18
-11 (base 3) to base 14
-4
-d3 (base 15) to base 5
-1243
-15 (base 16) to base 4
-111
What is 12 (base 9) in base 11?
10
Convert 4 (base 7) to base 3.
11
Convert -72 (base 9) to base 6.
-145
1 (base 8) to base 11
1
27 (base 16) to base 7
54
Convert 3 (base 13) to base 3.
10
What is 112 (base 7) in base 11?
53
What is 206 (base 10) in base 2?
11001110
What is 6 (base 7) in base 3?
20
Convert 10 (base 3) to base 15.
3
What is 1130 (base 4) in base 15?
62
-15 (base 6) to base 4
-23
254 (base 12) to base 14
1b2
0 (base 10) to base 11
0
What is 9 (base 10) in base 7?
12
-3 (base 12) to base 10
-3
Convert 16 (base 7) to base 12.
11
Convert -1021 (base 3) to base 13.
-28
-3002 (base 4) to base 2
-11000010
2 (base 15) to base 7
2
Convert -224 (base 8) to base 10.
-148
Convert 1111 (base 2) to base 9.
16
15 (base 13) to base 5
33
What is -27 (base 11) in base 7?
-41
What is 10 (base 11) in base 13?
b
Convert 2 (base 14) to base 11.
2
Convert 10101 (base 2) to base 9.
23
What is 12 (base 7) in base 4?
21
What is -59 (base 11) in base 15?
-44
15 (base 10) to base 4
33
-11a (base 13) to base 16
-c0
1 (base 2) to base 3
1
What is 4 (base 8) in base 16?
4
What is -12 (base 6) in base 16?
-8
Convert 3 (base 7) to base 10.
3
What is 7 (base 9) in base 14?
7
Convert 31 (base 14) to base 9.
47
Convert -15 (base 8) to base 5.
-23
What is -6 (base 15) in base 3?
-20
Convert 106 (base 11) to base 8.
177
Convert -18a (base 14) to base 9.
-383
2b (base 13) to base 6
101
-55 (base 15) to base 11
-73
What is 50 (base 9) in base 14?
33
Convert -66 (base 12) to base 16.
-4e
What is 4 (base 7) in base 15?
4
What is -1123 (base 5) in base 3?
-20001
What is 36 (base 8) in base 2?
11110
432 (base 5) to base 7
225
-2 (base 14) to base 11
-2
71 (base 11) to base 5
303
Convert 11 (base 7) to base 6.
12
What is 106 (base 7) in base 3?
2001
What is 2 (base 6) in base 14?
2
What is -3 (base 12) in base 3?
-10
Convert -98 (base 11) to base 7.
-212
Convert -25 (base 7) to base 12.
-17
Convert 111 (base 2) to base 11.
7
What is 0 (base 2) in base 11?
0
What is -22 (base 3) in base 14?
-8
-1 (base 2) to base 14
-1
Convert -3 (base 9) to base 5.
-3
What is 2 (base 9) in base 3?
2
What is -101 (base 2) in base 13?
-5
Convert -30 (base 10) to base 2.
-11110
What is -16 (base 11) in base 8?
-21
-1202 (base 6) to base 5
-2130
10010011 (base 2) to base 14
a7
What is -163 (base 7) in base 5?
-334
11 (base 5) to base 9
6
25 (base 8) to base 7
30
-127 (base 9) to base 16
-6a
Convert -2e (base 16) to base 14.
-34
Convert 10211 (base 3) to base 4.
1213
What is 100 (base 2) in base 10?
4
Convert 76 (base 10) to base 8.
114
Convert 8 (base 9) to base 10.
8
111 (base 2) to base 13
7
What is -112 (base 6) in base 10?
-44
-5 (base 12) to base 15
-5
Convert 104 (base 6) to base 12.
34
132 (base 7) to base 6
200
What is -111010 (base 2) in base 15?
-3d
11 (base 16) to base 2
10001
Convert -4 (base 15) to base 5.
-4
8 (base 15) to base 13
8
-11 (base 3) to base 5
-4
What is 2 (base 8) in base 15?
2
What is -13 (base 12) in base 9?
-16
-16 (base 15) to base 13
-18
8 (base 14) to base 10
8
c (base 15) to base 16
c
What is -24 (base 7) in base 10?
-18
10 (base 9) to base 7
12
-100 (base 2) to base 13
-4
Convert 3 (base 5) to base 11.
3
What is -3 (base 6) in base 15?
-3
4 (base 14) to base 2
100
What is -14 (base 5) in base 14?
-9
11 (base 8) to base 9
10
What is -11 (base 2) in base 12?
-3
1144 (base 7) to base 4
12220
2 (base 8) to base 11
2
0 (base 16) to base 14
0
What is -23 (base 8) in base 6?
-31
14 (base 7) to base 4
23
What is -3 (base 5) in base 13?
-3
12120 (base 3) to base 5
1100
Convert 1 (base 12) to base 4.
1
1120 (base 4) to base 7
154
Convert 223 (base 7) to base 3.
11021
-8 (base 15) to base 16
-8
What is 0 (base 6) in base 15?
0
What is -1140 (base 5) in base 12?
-122
What is -3 (base 15) in base 13?
-3
What is 57 (base 8) in base 14?
35
Convert -69 (base 11) to base 10.
-75
Convert 22 (base 3) to base 16.
8
5 (base 7) to base 3
12
Convert 40 (base 13) to base 7.
103
What is -2b (base 13) in base 14?
-29
Convert -20 (base 8) to base 12.
-14
What is 3 (base 15) in base 6?
3
Convert 3 (base 11) to base 13.
3
What is -29 (base 16) in base 2?
-101001
What is -11 (base 2) in base 14?
-3
Convert -8 (base 12) to base 7.
-11
Convert 3 (base 11) to base 13.
3
12 (base 5) to base 12
7
-82 (base 12) to base 7
-200
3 (base 12) to base 16
3
What is -9 (base 13) in base 4?
-21
Convert c6 (base 15) to base 5.
1221
What is -7 (base 13) in base 10?
-7
What is 1 (base 16) in base 8?
1
-5 (base 6) to base 13
-5
What is -1 (base 5) in base 14?
-1
Convert 60 (base 7) to base 12.
36
11 (base 4) to base 7
5
Convert -1 (base 7) to base 8.
-1
What is 3 (base 16) in base 10?
3
1 (base 4) to base 9
1
What is -26 (base 10) in base 2?
-11010
Convert -323 (base 7) to base 5.
-1124
What is 302 (base 4) in base 16?
32
-24 (base 5) to base 11
-13
-248 (base 11) to base 6
-1210
What is 6 (base 16) in base 12?
6
5 (base 6) to base 8
5
Convert 14 (base 13) to base 2.
10001
Convert -12 (base 12) to base 10.
-14
What is -112 (base 4) in base 12?
-1a
Convert -18 (base 13) to base 16.
-15
What is -11001 (base 2) in base 4?
-121
11100 (base 2) to base 9
31
Convert 33 (base 5) to base 4.
102
What is 0 (base 11) in base 2?
0
-107 (base 8) to base 16
-47
What is -5 (base 8) in base 13?
-5
What is -122 (base 12) in base 3?
-20022
What is -5 (base 16) in base 15?
-5
Convert 6 (base 7) to base 12.
6
What is -301 (base 5) in base 4?
-1030
What is -22 (base 11) in base 15?
-19
Convert 8 (base 12) to base 13.
8
-27 (base 15) to base 2
-100101
-30 (base 14) to base 5
-132
Convert 68 (base 10) to base 13.
53
What is 1 (base 8) in base 10?
1
Convert -3 (base 7) to base 3.
-10
Convert -67 (base 13) to base 5.
-320
What is -16 (base 9) in base 11?
-14
Convert 1110 (base 2) to base 10.
14
What is -12 (base 14) in base 9?
-17
-157 (base 16) to base 15
-17d
0 (base 10) to base 14
0
Convert 2 (base 6) to base 10.
2
Convert 54 (base 9) to base 16.
31
Convert -2 (base 4) to base 6.
-2
What is -330 (base 7) in base 6?
-440
-340 (base 6) to base 8
-204
1 (base 16) to base 12
1
Convert 84 (base 15) to base 8.
174
Convert -1 (base 2) to base 6.
-1
Convert -b (base 13) to base 15.
-b
-106 (base 15) to base 12
-173
-3201 (base 4) to base 7
-441
What is -1 (base 5) in base 15?
-1
-4 (base 11) to base 5
-4
-a0 (base 14) to base 6
-352
Convert 130 (base 4) to base 12.
24
1000 (base 2) to base 8
10
What is -28 (base 15) in base 11?
-35
What is -11000 (base 2) in base 3?
-220
1 (base 9) to base 4
1
Convert -15 (base 13) to base 7.
-24
What is -2a (base 12) in base 5?
-114
Convert -12 (base 13) to base 7.
-21
2 (base 8) to base 13
2
Convert 4 (base 7) to base 6.
4
-3 (base 8) to base 6
-3
What is 119 (base 15) in base 2?
11111001
Convert 2b (base 14) to base 13.
30
2 (base 14) to base 11
2
-433 (base 5) to base 3
-11101
Convert 87 (base 9) to base 10.
79
-12122 (base 3) to base 5
-1102
2 (base 7) to base 12
2
3 (base 11) to base 12
3
1 (base 14) to base 10
1
b9 (base 13) to base 10
152
Convert b (base 12) to base 15.
b
Convert 104 (base 10) to base 11.
95
-1 (base 10) to base 11
-1
Convert 6 (base 7) to base 4.
12
What is 101 (base 2) in base 13?
5
What is -10 (base 9) in base 6?
-13
Convert -65 (base 16) to base 9.
-122
What is 7 (base 11) in base 3?
21
-35 (base 10) to base 14
-27
What is 5 (base 7) in base 2?
101
Convert -1 (base 14) to base 7.
-1
-5 (base 12) to base 4
-11
-3 (base 8) to base 5
-3
1 (base 4) to base 11
1
-3 (base 9) to base 3
-10
Convert -2 (base 14) to base 11.
-2
-6 (base 13) to base 3
-20
What is -11 (base 6) in base 8?
-7
Convert 4 (base 7) to base 4.
10
10 (base 9) to base 16
9
Convert -11 (base 14) to base 16.
-f
Convert -17 (base 8) to base 13.
-12
Convert 1112 (base 3) to b